{"id":845,"date":"2025-05-22T18:44:51","date_gmt":"2025-05-22T18:44:51","guid":{"rendered":"http:\/\/www.cuvac.cz\/?page_id=845"},"modified":"2025-06-07T16:26:06","modified_gmt":"2025-06-07T16:26:06","slug":"barf","status":"publish","type":"page","link":"https:\/\/www.cuvac.cz\/index.php\/barf\/","title":{"rendered":"BARF"},"content":{"rendered":"\n<p><em>Informace o BARF strav\u011b jsem \u010d\u00e1ste\u010dn\u011b \u010derpala z knihy &#8222;BARF krmen\u00ed psa p\u0159irozenou stravou&#8220; od Kate\u0159iny Novos\u00e1dov\u00e9. Jsou zde uvedeny s jej\u00edm souhlasem. Pokud n\u011bkdo uva\u017euje o tomto stylu krmen\u00ed, doporu\u010duji si knihu zakoupit. T\u00e9ma je velmi obs\u00e1hl\u00e9 a j\u00e1 zde uv\u00e1d\u00edm jen velmi stru\u010dn\u00e9 informace. <\/em><a href=\"http:\/\/shop.manwe.eu\/knihy\/3-barf-krmeni-psa-prirozenou-stravou.html\">http:\/\/shop.manwe.eu\/knihy\/3-barf-krmeni-psa-prirozenou-stravou.html<\/a><\/p>\n\n\n\n<p>V posledn\u00edch letech z\u00edsk\u00e1v\u00e1 st\u00e1le v\u011bt\u0161\u00ed oblibu mezi chovateli ps\u016f metoda krmen\u00ed zn\u00e1m\u00e1 jako <strong>BARF <\/strong>&#8211; zkratka z anglick\u00e9ho <em>Biologically Appropriate Raw Food<\/em> &#8211; <strong>biologicky vhodn\u00e1 syrov\u00e1 strava<\/strong>. Je to metoda v\u00fd\u017eivy maso\u017erav\u00fdch zv\u00ed\u0159at p\u0159irozen\u00fdm zp\u016fsobem (syrov\u00e9 maso, kosti, zelenina, ovoce a sem\u00ednka).<\/p>\n\n\n\n<h2 class=\"wp-block-heading\">Z \u010deho se BARF skl\u00e1d\u00e1?<\/h2>\n\n\n\n<p>Typick\u00e1 BARF strava zahrnuje:<\/p>\n\n\n\n<ul class=\"wp-block-list\">\n<li><strong>Syrov\u00e9 maso <\/strong>(hov\u011bz\u00ed, ku\u0159ec\u00ed, kr\u016ft\u00ed, zv\u011b\u0159ina, ryb\u00ed, aj.)<\/li>\n\n\n\n<li><strong>Syrov\u00e9 kosti s masem<\/strong> (ku\u0159ec\u00ed a kr\u016ft\u00ed krky, k\u0159\u00eddla, ku\u0159ec\u00ed skelety, hov\u011bz\u00ed \u017eebra, hov\u011bz\u00ed oh\u00e1\u0148ka). Kosti mus\u00ed b\u00fdt syrov\u00e9, ne tepeln\u011b upraven\u00e9!!!!<\/li>\n\n\n\n<li><strong>Vnit\u0159nosti<\/strong> (j\u00e1tra, ledviny, slezina, srdce, \u017ealudky, nepran\u00e9 dr\u0161\u0165ky, aj.)<\/li>\n\n\n\n<li><strong>Zelenina, ovoce, obilniny<\/strong> (mrkev, listov\u00fd sal\u00e1t, \u010derven\u00e1 \u0159epa, cuketa, \u0161pen\u00e1t, jablka, hru\u0161ky, ban\u00e1ny, r\u00fd\u017ee, spa\u0159en\u00e9 vlo\u010dky, pohanka, j\u00e1hly, t\u011bstoviny&#8230;)<\/li>\n\n\n\n<li><strong>Sem\u00ednka<\/strong> (d\u00fd\u0148ov\u00e1, slune\u010dnicov\u00e1, sezamov\u00e1, vla\u0161sk\u00e9 o\u0159echy, aj.) Vhodn\u00e9 je sem\u00ednka mixovat pro lep\u0161\u00ed stravitelnost a p\u0159id\u00e1vat k masu.<\/li>\n\n\n\n<li><strong>Miner\u00e1ln\u00ed dopl\u0148ky a vitam\u00edny<\/strong> (hn\u011bd\u00e9 mo\u0159sk\u00e9 \u0159asy, Chlorella, Pangamin, vitam\u00edn C, v\u00e1pn\u00edk, kloubn\u00ed dopl\u0148ky)<\/li>\n\n\n\n<li><strong>V\u00fdrobky z ml\u00e9ka<\/strong> (jogurty, kef\u00edry, tvarohy, pop\u0159\u00edpad\u011b koz\u00ed ml\u00e9ko, samotn\u00e9 kravsk\u00e9 ml\u00e9ko se nedoporu\u010duje.)<\/li>\n<\/ul>\n\n\n\n<h3 class=\"wp-block-heading\">Pom\u011br slo\u017eek se m\u016f\u017ee li\u0161it, ale orienta\u010dn\u011b se doporu\u010duje:<\/h3>\n\n\n\n<p><strong>50 % masa <\/strong>+<strong> 30 % kosti<\/strong> (kosti s masem, ne tepeln\u011b upraven\u00e9!) + <strong>20 % p\u0159\u00edloh<\/strong><\/p>\n\n\n\n<h2 class=\"wp-block-heading\">V\u00fdhody BARF stravy<\/h2>\n\n\n\n<ul class=\"wp-block-list\">\n<li><strong>P\u0159irozenost <\/strong><\/li>\n<\/ul>\n\n\n\n<p>BARF je navr\u017een tak, aby co nejv\u00edce napodoboval p\u0159irozen\u00fd j\u00eddeln\u00ed\u010dek maso\u017eravce. Psi jsou na takovou potravu geneticky uzp\u016fsobeni (tr\u00e1vic\u00ed enzymy, pH \u017ealudku.<\/p>\n\n\n\n<ul class=\"wp-block-list\">\n<li><strong>Lep\u0161\u00ed stav srsti a k\u016f\u017ee<\/strong> <\/li>\n<\/ul>\n\n\n\n<p>Mnoho majitel\u016f pozoruje zlep\u0161en\u00ed kvality srsti &#8211; lesklej\u0161\u00ed, hust\u0161\u00ed a bez lup\u016f. Tak\u00e9 b\u00fdv\u00e1 m\u00e9n\u011b n\u00e1chyln\u00e1 k podr\u00e1\u017ed\u011bn\u00ed<\/p>\n\n\n\n<ul class=\"wp-block-list\">\n<li><strong>Zdrav\u011bj\u0161\u00ed zuby a d\u00e1sn\u011b<\/strong><\/li>\n<\/ul>\n\n\n\n<p>Kous\u00e1n\u00ed syrov\u00fdch kost\u00ed mechanicky \u010dist\u00ed zuby a pom\u00e1h\u00e1 p\u0159edch\u00e1zet zubn\u00edmu kameni a z\u00e1pachu z tlamy.<\/p>\n\n\n\n<ul class=\"wp-block-list\">\n<li><strong>Lep\u0161\u00ed tr\u00e1ven\u00ed a pevn\u011bj\u0161\u00ed stolice<\/strong><\/li>\n<\/ul>\n\n\n\n<p>BARF strava b\u00fdv\u00e1 dob\u0159e straviteln\u00e1 a v\u00fdsledkem je m\u00e9n\u011b objemn\u00e1 a pevn\u011bj\u0161\u00ed stolice. Oproti granul\u00edm je v tr\u00e1vic\u00edm traktu mnohem krat\u0161\u00ed dobu. V\u00fdsledkem toho je v t\u011ble psa tak\u00e9 m\u00e9n\u011b parazit\u016f.<\/p>\n\n\n\n<ul class=\"wp-block-list\">\n<li><strong>Kontrola nad slo\u017een\u00edm<\/strong><\/li>\n<\/ul>\n\n\n\n<p>P\u0159i BARFu p\u0159esn\u011b v\u00edte, co pes j\u00ed &#8211; \u017e\u00e1dn\u00e1 &#8222;\u00c9\u010dka&#8220;, plnidla ani chemick\u00e9 konzervanty, kter\u00fdmi jsou jinak granule p\u0159epln\u011bn\u00e9, aby vydr\u017eely (i n\u011bkolik let &#8211; Co tam asi d\u00e1vaj\u00ed&#8230;?)<\/p>\n\n\n\n<h2 class=\"wp-block-heading\">Nev\u00fdhody BARF stravy<\/h2>\n\n\n\n<ul class=\"wp-block-list\">\n<li><strong>Riziko nevyv\u00e1\u017een\u00e9 stravy<\/strong><\/li>\n<\/ul>\n\n\n\n<p>P\u0159i \u0161patn\u00e9m pom\u011bru \u017eivin hroz\u00ed zdravotn\u00ed komplikace &#8211; nap\u0159\u00edklad nedostatek v\u00e1pn\u00edku, vitam\u00ednu D, nebo p\u0159ebytek fosforu.<\/p>\n\n\n\n<ul class=\"wp-block-list\">\n<li><strong>N\u00e1ro\u010dnost na \u010das a skladov\u00e1n\u00ed<\/strong>    <\/li>\n<\/ul>\n\n\n\n<p>P\u0159\u00edprava BARF stravy vy\u017eaduje \u010das, pl\u00e1nov\u00e1n\u00ed a m\u00edsto v mraz\u00e1ku. Nen\u00ed to tak jednoduch\u00e9, jako nasypat granule. Dal\u0161\u00ed komplikace m\u016f\u017ee b\u00fdt nakupov\u00e1n\u00ed masa. Pro v\u011bt\u0161\u00ed plemena je pot\u0159eba sehnat v\u011bt\u0161\u00ed mno\u017estv\u00ed masa, za takovou cenu, aby to nebylo moc n\u00e1kladn\u00e9. Maso se d\u00e1 sehnat na jatk\u00e1ch, ve velkochovech, dr\u016fbe\u017e\u00e1rn\u00e1ch. Ale vy\u017eaduje to \u010das a obchodn\u00edho ducha. A nebo prost\u011b \u0161t\u011bst\u00ed a mo\u017en\u00e1 i n\u011bjak\u00e9 zn\u00e1mosti.<\/p>\n\n\n\n<h2 class=\"wp-block-heading\">Z\u00e1v\u011br<\/h2>\n\n\n\n<p>BARF m\u016f\u017ee b\u00fdt pro psa velmi p\u0159\u00ednosn\u00fd zp\u016fsob krmen\u00ed, pokud je dob\u0159e sestaven\u00fd. \u010casem se z n\u011bj stane rutina a nep\u0159ijde V\u00e1m na n\u011bm nic slo\u017eit\u00e9. Ale ze za\u010d\u00e1tku vy\u017eaduje znalosti, d\u016fslednost a zodpov\u011bdn\u00fd p\u0159\u00edstup. D\u016fle\u017eit\u00e9 je tak\u00e9 sledovat zdravotn\u00ed stav psa, p\u0159\u00edpadn\u011b stravu upravit podle jeho individu\u00e1ln\u00edch pot\u0159eb. To co vyhovuje jednou, nemus\u00ed nutn\u011b vyhovovat jin\u00e9mu. P\u0159echod na BARF je mo\u017en\u00fd, ale je pot\u0159eba psa pomalu p\u0159ivykat na nov\u00e9 druhy j\u00eddla. ze za\u010d\u00e1tku je mo\u017en\u00e9 maso psovy va\u0159it a a\u017e \u010dasem p\u0159ej\u00edt na syrovou stravu. Ur\u010dit\u011b je v\u0161ak nutn\u00e9 nejprve zjistit pot\u0159ebn\u00e9 informace, bu\u010f z literatury a nebo od chovatel\u016f, kte\u0159\u00ed takto krm\u00ed.<\/p>\n\n\n\n<h2 class=\"wp-block-heading\">\u0160t\u011b\u0148ata od n\u00e1s, krmen\u00e1 BARF stravou<\/h2>\n\n\n\n<p>Na\u0161e \u0161t\u011b\u0148\u00e1tka i jejich maminky jsou krmen\u00e9 syrovou stravou. \u0160t\u011b\u0148ata p\u0159ikrmujeme cca od 20. dne. Nejprve za\u0159azujeme mlet\u00e9 ku\u0159ec\u00ed maso s va\u0159enou a rozmixovanou mrkv\u00ed + trochu koz\u00edho ml\u00e9ka na z\u0159ed\u011bn\u00ed. Postupn\u011b za\u0159azujeme r\u016fzn\u00e9 druhy masa a hrubost se zv\u011bt\u0161uje. P\u0159i odchodu ji\u017e \u0161t\u011b\u0148ata kr\u00e1sn\u011b \u017ev\u00fdkaj\u00ed a jsou schopna rozkousat ku\u0159ec\u00ed krky a nasekan\u00e1 ku\u0159ec\u00ed k\u0159id\u00fdlka. Po celou dobu jim za\u0159azujeme do j\u00eddeln\u00ed\u010dku koz\u00ed ml\u00e9ko. M\u00e1me vlastn\u00ed st\u00e1do koz, proto to pro n\u00e1s nen\u00ed velik\u00fd probl\u00e9m. Tak\u00e9 m\u00e1me vlastn\u00ed zdroj vajec. Pravideln\u011b konzumuj\u00ed syrov\u00e9 vaje\u010dn\u00e9 \u017eloutky (Pozor!!! Bez b\u00edlk\u016f. Syrov\u00fd b\u00edlek neutralizuje vitam\u00edn H neboli biotin, kter\u00fd udr\u017euje zdravou k\u016f\u017ei a srst).  \u0160t\u011b\u0148\u00e1tka jsou p\u0159i odchodu do rodin p\u0159ivykl\u00e1 na nejr\u016fzn\u011bj\u0161\u00ed chut\u011b. Ale samoz\u0159ejm\u011b si jsme v\u011bdomi celosv\u011btov\u00e9ho trendu krmen\u00ed granulemi. A ani my jsme nebyli jin\u00ed a kdysi jsme mnoho let takto krimli. A tak jsou na\u0161e \u0161t\u011b\u0148ata posledn\u00ed t\u00fdden p\u0159ivyk\u00e1na na granulky, kter\u00e9 dost\u00e1vaj\u00ed v jedn\u00e9 krmn\u00e9 d\u00e1vce. Celkem jsou p\u0159i odchodu krmena 5 kr\u00e1t denn\u011b. V nov\u00fdch rodin\u00e1ch doporu\u010dujeme toto krmen\u00ed zachovat alespo\u0148 jeden t\u00fdden. Nov\u00ed majitel\u00e9 dostanou od n\u00e1s 5 r\u016fzn\u00fdch porc\u00ed na prvn\u00ed den + j\u00eddeln\u00ed\u010dek, co v\u0161e mohou mal\u00fdm mlsoun\u016fm nab\u00eddnout. P\u0159i p\u0159echodu na granule, budou postupn\u011b ka\u017edou dal\u0161\u00ed d\u00e1vku nahrazovat granulemi. P\u0159i krmen\u00ed granule pro za\u010d\u00e1tek nam\u00e1\u010d\u00edme. Ne tak proto, \u017ee by to \u0161t\u011b\u0148ata nerozkousala. Ale proto, \u017ee  granule absorbuj\u00ed vodu a pro \u0161t\u011bn\u011b to bude l\u00e9pe straviteln\u00e9 a nebude mu t\u011b\u017eko od \u017ealudku, kdyby se zapomn\u011blo nap\u00edt. Pit\u00ed je u krmen\u00ed granulemi velice d\u016fle\u017eit\u00e9. Nikdy pros\u00edm nezapom\u00ednejte na plnou misku s vodou. <\/p>\n\n\n\n<p>Jak \u0161t\u011bn\u011b roste, m\u016f\u017ee se zmen\u0161ovat po\u010det d\u00e1vek. <\/p>\n\n\n\n<ul class=\"wp-block-list\">\n<li>2 m\u011bs\u00edce &#8211; 5x denn\u011b<\/li>\n\n\n\n<li>3 m\u011bs\u00edce &#8211; 4x denn\u011b<\/li>\n\n\n\n<li>4 m\u011bs\u00edce &#8211; 3x denn\u011b<\/li>\n\n\n\n<li>5 m\u011bs\u00edc\u016f &#8211; 2 &#8211; 3x denn\u011b<\/li>\n\n\n\n<li>6 m\u011bs\u00edc\u016f &#8211; 2x denn\u011b<\/li>\n<\/ul>\n\n\n\n<p>Pokud si od n\u00e1s budete br\u00e1t \u0161t\u011bn\u011b, r\u00e1di V\u00e1m porad\u00edme a poskytneme podrobn\u011bj\u0161\u00ed informace ohledn\u011b krmen\u00ed, aby V\u00e1\u0161 nov\u00fd \u010dlen rodiny byl \u0161\u0165astn\u00fd pejsek. Pokud se rozhodnete krmit granulemi, budeme V\u00e1s p\u0159edem informovat, jak\u00e9 granule si po\u0159\u00eddit, aby m\u011blo \u0161t\u011bn\u011b alespo\u0148 na za\u010d\u00e1tek takov\u00e9, na kter\u00e9 je zvykl\u00e9.<\/p>\n\n\n<div>P\u0159\u00edklad ps\u00edho j\u00eddeln\u00ed\u010dku<\/div><style type=\"text\/css\" scoped>.rbs_gallery_69f1ef0e0ad41Spinner{\r\n\t\t\t\tmargin: 50px auto;\r\n\t\t\t\twidth: 50px;\r\n\t\t\t\theight: 40px;\r\n\t\t\t\ttext-align: center;\r\n\t\t\t\tfont-size: 10px;\r\n\t\t\t}\r\n\t\t\t.rbs_gallery_69f1ef0e0ad41Spinner > div{\r\n\t\t\t  background-color: #333;\r\n\t\t\t  height: 100%;\r\n\t\t\t  width: 6px;\r\n\t\t\t  display: inline-block;\r\n\t\t\t  -webkit-animation: rbs_gallery_69f1ef0e0ad41-stretchdelay 1.2s infinite ease-in-out;\r\n\t\t\t  animation: rbs_gallery_69f1ef0e0ad41-stretchdelay 1.2s infinite ease-in-out;\r\n\t\t\t}\r\n\t\t\t.rbs_gallery_69f1ef0e0ad41Spinner .rbs_gallery_69f1ef0e0ad41Rect2 {\r\n\t\t\t  -webkit-animation-delay: -1.1s;\r\n\t\t\t  animation-delay: -1.1s;\r\n\t\t\t}\r\n\t\t\t.rbs_gallery_69f1ef0e0ad41Spinner .rbs_gallery_69f1ef0e0ad41Rect3 {\r\n\t\t\t  -webkit-animation-delay: -1.0s;\r\n\t\t\t  animation-delay: -1.0s;\r\n\t\t\t}\r\n\t\t\t.rbs_gallery_69f1ef0e0ad41Spinner .rbs_gallery_69f1ef0e0ad41Rect4 {\r\n\t\t\t  -webkit-animation-delay: -0.9s;\r\n\t\t\t  animation-delay: -0.9s;\r\n\t\t\t}\r\n\t\t\t.rbs_gallery_69f1ef0e0ad41Spinner .rbs_gallery_69f1ef0e0ad41Rect5 {\r\n\t\t\t  -webkit-animation-delay: -0.8s;\r\n\t\t\t  animation-delay: -0.8s;\r\n\t\t\t}\r\n\t\t\t@-webkit-keyframes rbs_gallery_69f1ef0e0ad41-stretchdelay {\r\n\t\t\t  0%, 40%, 100% { -webkit-transform: scaleY(0.4) }  \r\n\t\t\t  20% { -webkit-transform: scaleY(1.0) }\r\n\t\t\t}\r\n\t\t\t@keyframes rbs_gallery_69f1ef0e0ad41-stretchdelay {\r\n\t\t\t  0%, 40%, 100% { \r\n\t\t\t    transform: scaleY(0.4);\r\n\t\t\t    -webkit-transform: scaleY(0.4);\r\n\t\t\t  }  20% { \r\n\t\t\t    transform: scaleY(1.0);\r\n\t\t\t    -webkit-transform: scaleY(1.0);\r\n\t\t\t  }\r\n\t\t\t}\r\n\t\t<\/style><div class=\"robo-gallery-wrap robo-gallery-wrap-id1051 robo-gallery-grid\"><div id=\"rbs_gallery_69f1ef0e0ad41-block-loader\" class=\"rbs_gallery_69f1ef0e0ad41Spinner\"><div class=\"rbs_gallery_69f1ef0e0ad41Rect1\"><\/div> <div class=\"rbs_gallery_69f1ef0e0ad41Rect2\"><\/div> <div class=\"rbs_gallery_69f1ef0e0ad41Rect3\"><\/div> <div class=\"rbs_gallery_69f1ef0e0ad41Rect4\"><\/div> <div class=\"rbs_gallery_69f1ef0e0ad41Rect5\"><\/div><\/div><div id=\"robo_gallery_main_block_rbs_gallery_69f1ef0e0ad41\" class=\"robogallery-gallery-1051\" style=\"width:100%;  display: none;\"><div id=\"rbs_gallery_69f1ef0e0ad41\" data-options=\"rbs_gallery_69f1ef0e0ad41\" style=\"width:100%;\" class=\"robo_gallery  \"><div class=\"rbs-img  category1051 \" ><div class=\"rbs-img-image   rbs-lightbox \" ><div class=\"rbs-img-thumbs\"  data-thumbnail=\"https:\/\/www.cuvac.cz\/wp-content\/uploads\/2025\/06\/IMG_2370-768x1024.jpeg\"  title=\"IMG_2370\"  data-width=\"525\"  data-height=\"700\" ><\/div><div class=\"rbs-img-data-popup\"  data-popup=\"https:\/\/www.cuvac.cz\/wp-content\/uploads\/2025\/06\/IMG_2370-scaled.jpeg\"  title=\"IMG_2370\" ><\/div><div class=\"thumbnail-overlay\"><div class=\"rbsTitle \">IMG_2370<\/div><div class=\"rbsIcons\"><i class=\"fa fa-search-plus rbsZoomIcon \" ><\/i><\/div><\/div><\/div><\/div><div class=\"rbs-img  category1051 \" ><div class=\"rbs-img-image   rbs-lightbox \" ><div class=\"rbs-img-thumbs\"  data-thumbnail=\"https:\/\/www.cuvac.cz\/wp-content\/uploads\/2025\/06\/IMG_2372-768x1024.jpeg\"  title=\"IMG_2372\"  data-width=\"525\"  data-height=\"700\" ><\/div><div class=\"rbs-img-data-popup\"  data-popup=\"https:\/\/www.cuvac.cz\/wp-content\/uploads\/2025\/06\/IMG_2372-scaled.jpeg\"  title=\"IMG_2372\" ><\/div><div class=\"thumbnail-overlay\"><div class=\"rbsTitle \">IMG_2372<\/div><div class=\"rbsIcons\"><i class=\"fa fa-search-plus rbsZoomIcon \" ><\/i><\/div><\/div><\/div><\/div><div class=\"rbs-img  category1051 \" ><div class=\"rbs-img-image   rbs-lightbox \" ><div class=\"rbs-img-thumbs\"  data-thumbnail=\"https:\/\/www.cuvac.cz\/wp-content\/uploads\/2025\/06\/IMG_2373-768x1024.jpeg\"  title=\"IMG_2373\"  data-width=\"525\"  data-height=\"700\" ><\/div><div class=\"rbs-img-data-popup\"  data-popup=\"https:\/\/www.cuvac.cz\/wp-content\/uploads\/2025\/06\/IMG_2373-scaled.jpeg\"  title=\"IMG_2373\" ><\/div><div class=\"thumbnail-overlay\"><div class=\"rbsTitle \">IMG_2373<\/div><div class=\"rbsIcons\"><i class=\"fa fa-search-plus rbsZoomIcon \" ><\/i><\/div><\/div><\/div><\/div><div class=\"rbs-img  category1051 \" ><div class=\"rbs-img-image   rbs-lightbox \" ><div class=\"rbs-img-thumbs\"  data-thumbnail=\"https:\/\/www.cuvac.cz\/wp-content\/uploads\/2025\/06\/IMG_9908-1024x768.jpeg\"  title=\"IMG_9908\"  data-width=\"525\"  data-height=\"394\" ><\/div><div class=\"rbs-img-data-popup\"  data-popup=\"https:\/\/www.cuvac.cz\/wp-content\/uploads\/2025\/06\/IMG_9908-scaled.jpeg\"  title=\"IMG_9908\" ><\/div><div class=\"thumbnail-overlay\"><div class=\"rbsTitle \">IMG_9908<\/div><div class=\"rbsIcons\"><i class=\"fa fa-search-plus rbsZoomIcon \" ><\/i><\/div><\/div><\/div><\/div><div class=\"rbs-img  category1051 \" ><div class=\"rbs-img-image   rbs-lightbox \" ><div class=\"rbs-img-thumbs\"  data-thumbnail=\"https:\/\/www.cuvac.cz\/wp-content\/uploads\/2025\/06\/IMG_0482-1024x768.jpeg\"  title=\"IMG_0482\"  data-width=\"525\"  data-height=\"394\" ><\/div><div class=\"rbs-img-data-popup\"  data-popup=\"https:\/\/www.cuvac.cz\/wp-content\/uploads\/2025\/06\/IMG_0482-scaled.jpeg\"  title=\"IMG_0482\" ><\/div><div class=\"thumbnail-overlay\"><div class=\"rbsTitle \">IMG_0482<\/div><div class=\"rbsIcons\"><i class=\"fa fa-search-plus rbsZoomIcon \" ><\/i><\/div><\/div><\/div><\/div><div class=\"rbs-img  category1051 \" ><div class=\"rbs-img-image   rbs-lightbox \" ><div class=\"rbs-img-thumbs\"  data-thumbnail=\"https:\/\/www.cuvac.cz\/wp-content\/uploads\/2025\/06\/IMG_9896-768x1024.jpeg\"  title=\"IMG_9896\"  data-width=\"525\"  data-height=\"700\" ><\/div><div class=\"rbs-img-data-popup\"  data-popup=\"https:\/\/www.cuvac.cz\/wp-content\/uploads\/2025\/06\/IMG_9896-scaled.jpeg\"  title=\"IMG_9896\" ><\/div><div class=\"thumbnail-overlay\"><div class=\"rbsTitle \">IMG_9896<\/div><div class=\"rbsIcons\"><i class=\"fa fa-search-plus rbsZoomIcon \" ><\/i><\/div><\/div><\/div><\/div><div class=\"rbs-img  category1051 \" ><div class=\"rbs-img-image   rbs-lightbox \" ><div class=\"rbs-img-thumbs\"  data-thumbnail=\"https:\/\/www.cuvac.cz\/wp-content\/uploads\/2025\/06\/IMG_0449-1024x768.jpeg\"  title=\"IMG_0449\"  data-width=\"525\"  data-height=\"394\" ><\/div><div class=\"rbs-img-data-popup\"  data-popup=\"https:\/\/www.cuvac.cz\/wp-content\/uploads\/2025\/06\/IMG_0449-scaled.jpeg\"  title=\"IMG_0449\" ><\/div><div class=\"thumbnail-overlay\"><div class=\"rbsTitle \">IMG_0449<\/div><div class=\"rbsIcons\"><i class=\"fa fa-search-plus rbsZoomIcon \" ><\/i><\/div><\/div><\/div><\/div><div class=\"rbs-img  category1051 \" ><div class=\"rbs-img-image   rbs-lightbox \" ><div class=\"rbs-img-thumbs\"  data-thumbnail=\"https:\/\/www.cuvac.cz\/wp-content\/uploads\/2025\/06\/IMG_9953-768x1024.jpeg\"  title=\"IMG_9953\"  data-width=\"525\"  data-height=\"700\" ><\/div><div class=\"rbs-img-data-popup\"  data-popup=\"https:\/\/www.cuvac.cz\/wp-content\/uploads\/2025\/06\/IMG_9953-scaled.jpeg\"  title=\"IMG_9953\" ><\/div><div class=\"thumbnail-overlay\"><div class=\"rbsTitle \">IMG_9953<\/div><div class=\"rbsIcons\"><i class=\"fa fa-search-plus rbsZoomIcon \" ><\/i><\/div><\/div><\/div><\/div><\/div><\/div><\/div><script>var rbs_gallery_69f1ef0e0ad41 = {\"version\":\"3.0.9\",\"id\":1051,\"class\":\"id1051\",\"roboGalleryDelay\":1000,\"mainContainer\":\"#robo_gallery_main_block_rbs_gallery_69f1ef0e0ad41\",\"loadingContainer\":\"#rbs_gallery_69f1ef0e0ad41-block-loader\",\"loadingContainerObj\":\"rbs_gallery_69f1ef0e0ad41-block-loader\",\"columnWidth\":\"auto\",\"columns\":3,\"resolutions\":[{\"columnWidth\":\"auto\",\"columns\":3,\"maxWidth\":960},{\"columnWidth\":\"auto\",\"columns\":2,\"maxWidth\":650},{\"columnWidth\":\"auto\",\"columns\":1,\"maxWidth\":450}],\"lightboxOptions\":{\"gallery\":{\"enabled\":true,\"tCounter\":\"%curr% of %total%\"}},\"overlayEffect\":\"direction-aware-fade\",\"boxesToLoadStart\":12,\"boxesToLoad\":8,\"lazyLoad\":1,\"waitUntilThumbLoads\":1,\"LoadingWord\":\"Loading...\",\"loadMoreWord\":\"Load More\",\"noMoreEntriesWord\":\"No More Entries\",\"horizontalSpaceBetweenBoxes\":15,\"verticalSpaceBetweenBoxes\":15,\"wrapContainer\":\"#robo-gallery-wrap-rbs_gallery_69f1ef0e0ad41\"};<\/script>","protected":false},"excerpt":{"rendered":"<p>Informace o BARF strav\u011b jsem \u010d\u00e1ste\u010dn\u011b \u010derpala z knihy &#8222;BARF krmen\u00ed psa p\u0159irozenou stravou&#8220; od Kate\u0159iny Novos\u00e1dov\u00e9. Jsou zde uvedeny s jej\u00edm souhlasem. Pokud n\u011bkdo uva\u017euje o tomto stylu krmen\u00ed, doporu\u010duji si knihu zakoupit. T\u00e9ma je velmi obs\u00e1hl\u00e9 a j\u00e1 zde uv\u00e1d\u00edm jen velmi stru\u010dn\u00e9 informace. http:\/\/shop.manwe.eu\/knihy\/3-barf-krmeni-psa-prirozenou-stravou.html V posledn\u00edch letech z\u00edsk\u00e1v\u00e1 st\u00e1le v\u011bt\u0161\u00ed oblibu mezi &hellip; <\/p>\n<p class=\"link-more\"><a href=\"https:\/\/www.cuvac.cz\/index.php\/barf\/\" class=\"more-link\">Pokra\u010dovat ve \u010dten\u00ed<span class=\"screen-reader-text\"> &#8222;BARF&#8220;<\/span><\/a><\/p>\n","protected":false},"author":1,"featured_media":0,"parent":0,"menu_order":0,"comment_status":"closed","ping_status":"closed","template":"","meta":{"ngg_post_thumbnail":0,"_vp_format_video_url":"","_vp_image_focal_point":[],"footnotes":""},"class_list":["post-845","page","type-page","status-publish","hentry"],"_links":{"self":[{"href":"https:\/\/www.cuvac.cz\/index.php\/wp-json\/wp\/v2\/pages\/845","targetHints":{"allow":["GET"]}}],"collection":[{"href":"https:\/\/www.cuvac.cz\/index.php\/wp-json\/wp\/v2\/pages"}],"about":[{"href":"https:\/\/www.cuvac.cz\/index.php\/wp-json\/wp\/v2\/types\/page"}],"author":[{"embeddable":true,"href":"https:\/\/www.cuvac.cz\/index.php\/wp-json\/wp\/v2\/users\/1"}],"replies":[{"embeddable":true,"href":"https:\/\/www.cuvac.cz\/index.php\/wp-json\/wp\/v2\/comments?post=845"}],"version-history":[{"count":17,"href":"https:\/\/www.cuvac.cz\/index.php\/wp-json\/wp\/v2\/pages\/845\/revisions"}],"predecessor-version":[{"id":1055,"href":"https:\/\/www.cuvac.cz\/index.php\/wp-json\/wp\/v2\/pages\/845\/revisions\/1055"}],"wp:attachment":[{"href":"https:\/\/www.cuvac.cz\/index.php\/wp-json\/wp\/v2\/media?parent=845"}],"curies":[{"name":"wp","href":"https:\/\/api.w.org\/{rel}","templated":true}]}}