{"id":36,"date":"2021-07-15T05:50:40","date_gmt":"2021-07-15T05:50:40","guid":{"rendered":"http:\/\/www.cuvac.cz\/?page_id=36"},"modified":"2023-06-26T19:57:31","modified_gmt":"2023-06-26T19:57:31","slug":"kontakt","status":"publish","type":"page","link":"https:\/\/www.cuvac.cz\/index.php\/kontakt\/","title":{"rendered":"Kontakt"},"content":{"rendered":"\n<h2 class=\"wp-block-heading\">CHOVATELSK\u00c1 STANICE B\u00cdL\u00dd KAM\u00cdNEK<\/h2>\n\n\n\n<p><strong>Adresa<\/strong><\/p>\n\n\n\n<p>Miroslava Dobrkovsk\u00e1<br>Kobylnice 51&nbsp; (u Ml. Boleslavi)<br>294 46&nbsp; Sem\u010dice<\/p>\n\n\n\n<p><strong>Tel. :<\/strong><br>604 110 474<br><\/p>\n\n\n\n<p><strong>E-mail:<\/strong><\/p>\n\n\n\n<p>mirkado@seznam.cz<\/p>\n\n\n\n<iframe loading=\"lazy\" style=\"border:none\" src=\"https:\/\/frame.mapy.cz\/s\/jomuparome\" width=\"400\" height=\"280\" frameborder=\"0\"><\/iframe>\n\n\n\n<a href=\"https:\/\/www.hundund.de\/hunderassen\/\" target=\"_blank\" rel=\"noopener noreferrer\"><img decoding=\"async\" src=\"https:\/\/www.hundund.de\/www\/hundund-hunderassen-468.jpg\" border=\"0\" alt=\"Hunderassen\" title=\"Hunderassen Verzeichnis mit Fotos auf hundund.de\"><\/a>\n\n\n\n<p><\/p>\n","protected":false},"excerpt":{"rendered":"<p>CHOVATELSK\u00c1 STANICE B\u00cdL\u00dd KAM\u00cdNEK Adresa Miroslava Dobrkovsk\u00e1Kobylnice 51&nbsp; (u Ml. Boleslavi)294 46&nbsp; Sem\u010dice Tel. :604 110 474 E-mail: mirkado@seznam.cz<\/p>\n","protected":false},"author":1,"featured_media":0,"parent":0,"menu_order":0,"comment_status":"closed","ping_status":"closed","template":"","meta":{"ngg_post_thumbnail":0,"_vp_format_video_url":"","_vp_image_focal_point":[],"footnotes":""},"class_list":["post-36","page","type-page","status-publish","hentry"],"_links":{"self":[{"href":"https:\/\/www.cuvac.cz\/index.php\/wp-json\/wp\/v2\/pages\/36","targetHints":{"allow":["GET"]}}],"collection":[{"href":"https:\/\/www.cuvac.cz\/index.php\/wp-json\/wp\/v2\/pages"}],"about":[{"href":"https:\/\/www.cuvac.cz\/index.php\/wp-json\/wp\/v2\/types\/page"}],"author":[{"embeddable":true,"href":"https:\/\/www.cuvac.cz\/index.php\/wp-json\/wp\/v2\/users\/1"}],"replies":[{"embeddable":true,"href":"https:\/\/www.cuvac.cz\/index.php\/wp-json\/wp\/v2\/comments?post=36"}],"version-history":[{"count":9,"href":"https:\/\/www.cuvac.cz\/index.php\/wp-json\/wp\/v2\/pages\/36\/revisions"}],"predecessor-version":[{"id":683,"href":"https:\/\/www.cuvac.cz\/index.php\/wp-json\/wp\/v2\/pages\/36\/revisions\/683"}],"wp:attachment":[{"href":"https:\/\/www.cuvac.cz\/index.php\/wp-json\/wp\/v2\/media?parent=36"}],"curies":[{"name":"wp","href":"https:\/\/api.w.org\/{rel}","templated":true}]}}