{"id":35,"date":"2021-07-15T05:50:40","date_gmt":"2021-07-15T05:50:40","guid":{"rendered":"http:\/\/www.cuvac.cz\/?page_id=35"},"modified":"2021-07-19T12:04:56","modified_gmt":"2021-07-19T12:04:56","slug":"o-nas","status":"publish","type":"page","link":"https:\/\/www.cuvac.cz\/index.php\/o-nas\/","title":{"rendered":"O n\u00e1s"},"content":{"rendered":"\n<p>Je to ji\u017e mnoho let, kdy jsme se s man\u017eelem p\u0159est\u011bhovali z m\u011bsta na venkov. V\u017edy jsme v\u011bd\u011bli, \u017ee a\u017e budeme m\u00edt kus sv\u00e9ho pozemku, ur\u010dit\u011b na n\u011bm bude pes. Proto\u017ee jsem jako mal\u00e1 dostala \u0161t\u011bn\u011b Slovensk\u00e9ho \u010duva\u010de, volba byla jasn\u00e1. Ten a \u017e\u00e1dn\u00fd jin\u00fd.<\/p>\n\n\n\n<p>Kdy\u017e jsme si na\u0161e prvn\u00ed \u0161t\u011b\u0148\u00e1tko p\u0159ivezli dom\u016f, byla radost na n\u011bj pohled\u011bt. Byla to fenka a jmenovala se Sula. Takov\u00e1 mal\u00e1 b\u00edl\u00e1 kuli\u010dka. Je\u0161t\u011b jsme nem\u011bli d\u011bti a tak jsme ve\u0161kerou p\u00e9\u010di v\u011bnovali pr\u00e1v\u011b Sule. Bohu\u017eel n\u00e1m velmi brzy onemocn\u011bla neospor\u00f3zou a ochrnula na jednu zadn\u00ed nohu. V t\u00e9 dob\u011b j\u00ed byly pouh\u00e9 \u010dty\u0159i m\u011bs\u00edce. I kdy\u017e jsme jezdili z jedn\u00e9 kliniky na druhou, p\u0159\u00ed\u010dinu nemoci jsme se dozv\u011bd\u011bli p\u0159\u00edli\u0161 pozd\u011b a ochrnut\u00ed se ji\u017e nedalo zabr\u00e1nit. P\u0159esto s n\u00e1mi Sula byla dlouh\u00fdch 11 let. Ani na chv\u00edli jsme nelitovali, \u017ee jsme si ji nechali a jej\u00ed p\u0159\u00edtomnost ovlivnila cel\u00fd n\u00e1\u0161 \u017eivot. Sula s n\u00e1mi ji\u017e nen\u00ed, ale v\u0161echny na\u0161e d\u011bti, kter\u00e9 se postupn\u011b narodily ji milovaly a v\u011b\u0159\u00edme, \u017ee i ona n\u00e1s.<\/p>\n\n\n\n<p>Po dvou letech bylo z\u0159ejm\u00e9, \u017ee Sula nem\u016f\u017ee m\u00edt \u0161t\u011b\u0148\u00e1tka. Rozhodli jsme se j\u00ed po\u0159\u00eddit kamar\u00e1dku. Od stejn\u00e9 chovatelky jsme tedy po\u0159\u00eddili druhou fenku Koru. Sula si ji hned obl\u00edbila a p\u0159ijala ji za svou. Najednou u\u017e jsme doma m\u011bli dvou\u010dlennou sme\u010dku. Byla to neohro\u017een\u00e1 dvojka, kter\u00e1 budila respekt v lidech, kte\u0159\u00ed k n\u00e1m zav\u00edtali. <\/p>\n\n\n\n<p>Sula ode\u0161la do v\u011b\u010dn\u00fdch lovi\u0161\u0165 a najednou bylo u n\u00e1s smutno. Tak\u00e9 Kora, jinak vesel\u00e1, za\u010dala poleh\u00e1vat a u\u017e ani nevy\u0161t\u011bkala cyklisty. Proto\u017ee ji\u017e byla Kora star\u0161\u00ed, \u0161t\u011b\u0148\u00e1tka nep\u0159ich\u00e1zela v \u00favahu. Obr\u00e1tili jsme se i do t\u0159etice na na\u0161i obl\u00edbenou chovatelku Slovensk\u00fdch \u010duva\u010d\u016f a p\u0159ivezli jsme si mal\u00e9 b\u00edle klub\u00ed\u010dko jm\u00e9nem Paula. D\u011btem se v\u0161ak l\u00edbilo jin\u00e9 jm\u00e9no na &#8222;P&#8220;,          a tak na\u0161e Paula je nyn\u00ed Persy. Je to mlad\u00e1 neohro\u017een\u00e1 fenka. A u n\u00e1s doma&#8230;? Zase je tu plno \u0161t\u011bkotu a rachotu, jako za star\u00fdch \u010das\u016f.<\/p>\n","protected":false},"excerpt":{"rendered":"<p>Je to ji\u017e mnoho let, kdy jsme se s man\u017eelem p\u0159est\u011bhovali z m\u011bsta na venkov. V\u017edy jsme v\u011bd\u011bli, \u017ee a\u017e budeme m\u00edt kus sv\u00e9ho pozemku, ur\u010dit\u011b na n\u011bm bude pes. Proto\u017ee jsem jako mal\u00e1 dostala \u0161t\u011bn\u011b Slovensk\u00e9ho \u010duva\u010de, volba byla jasn\u00e1. Ten a \u017e\u00e1dn\u00fd jin\u00fd. Kdy\u017e jsme si na\u0161e prvn\u00ed \u0161t\u011b\u0148\u00e1tko p\u0159ivezli dom\u016f, byla radost &hellip; <\/p>\n<p class=\"link-more\"><a href=\"https:\/\/www.cuvac.cz\/index.php\/o-nas\/\" class=\"more-link\">Pokra\u010dovat ve \u010dten\u00ed<span class=\"screen-reader-text\"> &#8222;O n\u00e1s&#8220;<\/span><\/a><\/p>\n","protected":false},"author":1,"featured_media":0,"parent":0,"menu_order":0,"comment_status":"closed","ping_status":"closed","template":"","meta":{"ngg_post_thumbnail":0,"_vp_format_video_url":"","_vp_image_focal_point":[],"footnotes":""},"class_list":["post-35","page","type-page","status-publish","hentry"],"_links":{"self":[{"href":"https:\/\/www.cuvac.cz\/index.php\/wp-json\/wp\/v2\/pages\/35","targetHints":{"allow":["GET"]}}],"collection":[{"href":"https:\/\/www.cuvac.cz\/index.php\/wp-json\/wp\/v2\/pages"}],"about":[{"href":"https:\/\/www.cuvac.cz\/index.php\/wp-json\/wp\/v2\/types\/page"}],"author":[{"embeddable":true,"href":"https:\/\/www.cuvac.cz\/index.php\/wp-json\/wp\/v2\/users\/1"}],"replies":[{"embeddable":true,"href":"https:\/\/www.cuvac.cz\/index.php\/wp-json\/wp\/v2\/comments?post=35"}],"version-history":[{"count":7,"href":"https:\/\/www.cuvac.cz\/index.php\/wp-json\/wp\/v2\/pages\/35\/revisions"}],"predecessor-version":[{"id":119,"href":"https:\/\/www.cuvac.cz\/index.php\/wp-json\/wp\/v2\/pages\/35\/revisions\/119"}],"wp:attachment":[{"href":"https:\/\/www.cuvac.cz\/index.php\/wp-json\/wp\/v2\/media?parent=35"}],"curies":[{"name":"wp","href":"https:\/\/api.w.org\/{rel}","templated":true}]}}

O nás

<p>Je to již mnoho let, kdy jsme se s manželem přestěhovali z města na venkov. Vždy jsme věděli, že až budeme mít kus svého pozemku, určitě na něm bude pes. Protože jsem jako malá dostala štěně Slovenského čuvače, volba byla jasná. Ten a žádný jiný.</p>



<p>Když jsme si naše první štěňátko přivezli domů, byla radost na něj pohledět. Byla to fenka a jmenovala se Sula. Taková malá bílá kulička. Ještě jsme neměli děti a tak jsme veškerou péči věnovali právě Sule. Bohužel nám velmi brzy onemocněla neosporózou a ochrnula na jednu zadní nohu. V té době jí byly pouhé čtyři měsíce. I když jsme jezdili z jedné kliniky na druhou, příčinu nemoci jsme se dozvěděli příliš pozdě a ochrnutí se již nedalo zabránit. Přesto s námi Sula byla dlouhých 11 let. Ani na chvíli jsme nelitovali, že jsme si ji nechali a její přítomnost ovlivnila celý náš život. Sula s námi již není, ale všechny naše děti, které se postupně narodily ji milovaly a věříme, že i ona nás.</p>



<p>Po dvou letech bylo zřejmé, že Sula nemůže mít štěňátka. Rozhodli jsme se jí pořídit kamarádku. Od stejné chovatelky jsme tedy pořídili druhou fenku Koru. Sula si ji hned oblíbila a přijala ji za svou. Najednou už jsme doma měli dvoučlennou smečku. Byla to neohrožená dvojka, která budila respekt v lidech, kteří k nám zavítali. </p>



<p>Sula odešla do věčných lovišť a najednou bylo u nás smutno. Také Kora, jinak veselá, začala polehávat a už ani nevyštěkala cyklisty. Protože již byla Kora starší, štěňátka nepřicházela v úvahu. Obrátili jsme se i do třetice na naši oblíbenou chovatelku Slovenských čuvačů a přivezli jsme si malé bíle klubíčko jménem Paula. Dětem se však líbilo jiné jméno na &#8222;P&#8220;,          a tak naše Paula je nyní Persy. Je to mladá neohrožená fenka. A u nás doma&#8230;? Zase je tu plno štěkotu a rachotu, jako za starých časů.</p>

<p>Je to již mnoho let, kdy jsme se s manželem přestěhovali z města na venkov. Vždy jsme věděli, že až budeme mít kus svého pozemku, určitě na něm bude pes. Protože jsem jako malá dostala štěně Slovenského čuvače, volba byla jasná. Ten a žádný jiný. Když jsme si naše první štěňátko přivezli domů, byla radost &hellip; </p>
<p class="link-more"><a href="https://www.cuvac.cz/index.php/o-nas/" class="more-link">Pokračovat ve čtení<span class="screen-reader-text"> &#8222;O nás&#8220;</span></a></p>
